081 composite?
True
Is 287335 a prime number?
False
Is 204881051 prime?
True
Is 295095509 prime?
True
Is 53135657 a prime number?
False
Is 650243 a prime number?
False
Is 177180137 composite?
True
Is 40207777 a prime number?
False
Is 1907671 composite?
True
Is 270109091 prime?
False
Is 6922127 a prime number?
True
Is 17410867 prime?
True
Is 244171523 prime?
False
Is 48418529 prime?
True
Is 16028151 a prime number?
False
Is 12267641 a composite number?
False
Is 95507393 a composite number?
True
Is 28630417 a prime number?
True
Is 6543023 prime?
False
Is 7980053 a composite number?
True
Is 1420609 prime?
False
Is 256321847 a prime number?
True
Is 183853117 composite?
True
Is 1328143 prime?
True
Is 288371 a prime number?
False
Is 29251949 a composite number?
False
Is 71059891 prime?
False
Is 19829003 prime?
False
Is 231074321 composite?
False
Is 3581357 prime?
False
Is 29693666 prime?
False
Is 228278395 prime?
False
Is 190655447 composite?
True
Is 12435181 composite?
True
Is 300831137 prime?
True
Is 3000089 a prime number?
True
Is 87390449 prime?
True
Is 4107865 a composite number?
True
Is 11237342 a prime number?
False
Is 142286657 a composite number?
True
Is 29662631 a prime number?
True
Is 5735923 a composite number?
False
Is 15192091 composite?
False
Is 112168657 a prime number?
False
Is 9029093 composite?
False
Is 492832559 prime?
True
Is 2362823 a prime number?
False
Is 12074201 a prime number?
False
Is 1095613 a composite number?
False
Is 42521233 a prime number?
False
Is 18465197 a composite number?
False
Is 11929573 composite?
False
Is 13465643 a prime number?
True
Is 500319257 a prime number?
False
Is 433572635 prime?
False
Is 21781987 a prime number?
False
Is 13968131 a composite number?
False
Is 65608921 a composite number?
True
Is 2360707 prime?
True
Is 12091103 a composite number?
False
Is 439374097 prime?
True
Is 39393659 composite?
True
Is 19494677 composite?
False
Is 13634323 a composite number?
True
Is 25704533 composite?
True
Is 500711 prime?
False
Is 1958443 a prime number?
False
Is 179839409 a prime number?
False
Is 563127479 prime?
False
Is 5074339 a prime number?
False
Is 1852471622 prime?
False
Is 158352569 a composite number?
True
Is 2059793 prime?
True
Is 29432897 composite?
True
Is 820139 a composite number?
True
Is 29462239 composite?
False
Is 100142587 prime?
False
Is 8969617 a prime number?
True
Is 23158123 a prime number?
False
Is 280321819 a prime number?
True
Is 32224109 a prime number?
True
Is 783907 composite?
True
Is 71175161 prime?
False
Is 63923707 prime?
True
Is 12886339 composite?
True
Is 20904451 a prime number?
False
Is 27335533 a prime number?
True
Is 1234631 composite?
True
Is 4931389 a composite number?
False
Is 1722533 a composite number?
True
Is 1363493 composite?
True
Is 1563409 a prime number?
True
Is 3991369 a composite number?
False
Is 3003657 a composite number?
True
Is 29747309 a prime number?
True
Is 30128961 a prime number?
False
Is 10349189 a composite number?
False
Is 6249211 prime?
True
Is 6436721 prime?
False
Is 245221 a composite number?
True
Is 11229747 composite?
True
Is 1747319231 a prime number?
False
Is 26546197 a prime number?
False
Is 1765793 prime?
False
Is 3361739 a composite number?
False
Is 11032973 a prime number?
False
Is 260017507 composite?
True
Is 4031369 a composite number?
False
Is 23870369 a prime number?
True
Is 202799 composite?
False
Is 27934289 prime?
True
Is 10509773 composite?
False
Is 9800467 composite?
False
Is 2577475721 composite?
False
Is 70073977 prime?
False
Is 336149391 a prime number?
False
Is 5737495 composite?
True
Is 864209 prime?
False
Is 3390263 prime?
False
Is 63481637 composite?
True
Is 11414069 a composite number?
False
Is 496323613 a composite number?
True
Is 527196127 a prime number?
False
Is 2423269 a composite number?
True
Is 1328143 a prime number?
True
Is 195736427 a prime number?
True
Is 15936017 prime?
False
Is 118674473 a composite number?
True
Is 3694787 prime?
True
Is 37424719 composite?
True
Is 114819631 prime?
False
Is 10269667 composite?
False
Is 13318547 prime?
False
Is 96295753 a prime number?
False
Is 28012421 prime?
True
Is 1355333 composite?
True
Is 1102063 a prime number?
True
Is 17443781 a prime number?
True
Is 27926753 composite?
True
Is 56666013 a composite number?
True
Is 263868583 prime?
False
Is 129460367 a composite number?
True
Is 1786997 a prime number?
True
Is 1905407 a prime number?
False
Is 1303043 a prime number?
False
Is 162358103 prime?
False
Is 197837 a prime number?
True
Is 57349003 composite?
True
Is 504079 prime?
False
Is 70733591 a prime number?
True
Is 41070581 prime?
False
Is 88617139 composite?
True
Is 26399221 prime?
True
Is 700307 a composite number?
False
Is 48703 a prime number?
False
Is 155520451 a prime number?
True
Is 1434691 composite?
False
Is 281777479 prime?
True
Is 16371757 prime?
False
Is 1525021 a composite number?
False
Is 649193 a prime number?
False
Is 6211735 a prime number?
False
Is 18185507 composite?
False
Is 5377637 a prime number?
True
Is 2573591 a composite number?
False
Is 1902671 a composite number?
False
Is 42607193 a composite number?
False
Is 5047277 a prime number?
True
Is 772333867 a prime number?
True
Is 6140317 composite?
True
Is 19735693 composite?
True
Is 6892337 prime?
True
Is 1043701 a composite number?
False
Is 461887 composite?
False
Is 4471277 a prime number?
False
Is 47411921 prime?
True
Is 4004339 a prime number?
True
Is 9519487 prime?
True
Is 87731437 prime?
True
Is 14334601 prime?
True
Is 1665749 a prime number?
False
Is 40090933 a composite number?
False
Is 40400229 a composite number?
True
Is 8469889 a prime number?
True
Is 42419611 a prime number?
False
Is 76295551 prime?
True
Is 46253549 composite?
True
Is 106040941 a prime number?
True
Is 465697247 a prime number?
True
Is 14687461 a prime number?
True
Is 47139037 composite?
True
Is 1300907 a composite number?
False
Is 459141335 a composite number?
True
Is 14928229 composite?
False
Is 1904799826 a prime number?
False
Is 3944767 prime?
True
Is 29496739 composite?
False
Is 38017669 composite?
False
Is 47656405 prime?
False
Is 276229 a composite number?
False
Is 10933129 prime?
False
Is 24850283 composite?
True
Is 649435 a composite number?
True
Is 8872937 a prime number?
True
Is 160033763 composite?
True
Is 31529867 prime?
False
Is 2918341 a prime number?
False
Is 6312217 prime?
True
Is 27467381 prime?
False
Is 224045021 a prime number?
False
Is 426633 composite?
True
Is 617467 prime?
True
Is 20468545 prime?
False
Is 280107809 a composite number?
True
Is 37687261 a composite number?
False
Is 2967907 a prime number?
False
Is 2083063 a prime number?
False
Is 6062419 composite?
True
Is 224129 a prime number?
True
Is 96409987 a prime number?
False
Is 85869847 prime?
False
Is 4396655 a composite number?
True
Is 42589903 a prime number?
True
Is 18059407 a prime number?
False
Is 26448949 composite?
True
Is 122216487 prime?
False
Is 1848001 a composite number?
True
Is 28728841 prime?
False
Is 642331 composite?
True
Is 259554461 a composite number?
True
Is 19842143 a prime number?
True
Is 31999307 a prime number?
False
Is 39155477 prime?
True
Is 103259017 a prime number?
True
Is 7315793 prime?
True
Is 104243795 composite?
True
Is 1224388929 composite?
True
Is 3039089 a prime number?
True
Is 16198907 a prime number?
False
Is 14591 a prime number?
True
Is 936622903 prime?
True
Is 2333521 a prime number?
False
Is 507266293 a composite number?
False
Is 28984453 a prime number?
False
Is 6124557 prime?
False
Is 88614439 composite?
True
Is 79410367 a prime number?
False
Is 6724715 a prime number?
False
Is 1844369 prime?
True
Is 1618661 composite?
True
Is 12482137 a prime number?
True
Is 9688361 composite?
False
Is 1395521 a composite number?
True
Is 585199 prime?
True
Is 337917243 a prime number?
False
Is 12339191 a prime number?
True
Is 277148173 a prime number?
True
Is 87734113 prime?
False
Is 16462757 composite?
False
Is 36353105 a composite number?
True
Is 8176019 a prime number?
True
Is 7112761 a prime number?
True
Is 2425721 a prime number?
False
Is 69545677 a prime number?
True
Is 10802765 a composite number?
True
Is 8553449 a prime number?
True
Is 18894739 a composite number?
False
Is 2359407 a prime number?
Fal